{"id":2940,"date":"2013-10-06T19:57:04","date_gmt":"2013-10-06T18:57:04","guid":{"rendered":"http:\/\/ig.weisseritztalbahn.de\/?page_id=2940"},"modified":"2021-01-16T16:40:36","modified_gmt":"2021-01-16T15:40:36","slug":"2013-3","status":"publish","type":"page","link":"https:\/\/www.weisseritztalbahn.de\/home\/fotogalerie\/2013-3\/","title":{"rendered":"2013"},"content":{"rendered":"\n<h2 class=\"wp-block-heading\">Dixiezug 2013<\/h2>\n\n\n\nngg_shortcode_0_placeholder\n\n\n\n<h2 class=\"wp-block-heading\">Schmalspurfest 2013<\/h2>\n\n\n\nngg_shortcode_1_placeholder\n\n\n\nngg_shortcode_2_placeholder\n\n\n\nngg_shortcode_3_placeholder\n\n\n\nngg_shortcode_4_placeholder\n\n\n\nngg_shortcode_5_placeholder\n\n\n\n<h2 class=\"wp-block-heading\">Zuckert\u00fctenfahrt 2013<\/h2>\n\n\n\n<p><\/p>\n\n\n\nngg_shortcode_6_placeholder\n\n\n\n<h2 class=\"wp-block-heading\">Fotosonderzug 2013<\/h2>\n\n\n\n<p>G\u00fcterzug mit Personenbef\u00f6rderung (GmP) Teil 1<\/p>\n\n\n\nngg_shortcode_7_placeholder\n\n\n\n<p>G\u00fcterzug mit Personenbef\u00f6rderung (GmP) Teil 2<\/p>\n\n\n\nngg_shortcode_8_placeholder\n\n\n\n<h2 class=\"wp-block-heading\">Kleinbahnadvent 2013 Obercarsdorf<\/h2>\n\n\n\nngg_shortcode_9_placeholder\n","protected":false},"excerpt":{"rendered":"<p>Dixiezug 2013 Schmalspurfest 2013 Zuckert\u00fctenfahrt 2013 Fotosonderzug 2013 G\u00fcterzug mit Personenbef\u00f6rderung (GmP) Teil 1 G\u00fcterzug mit Personenbef\u00f6rderung (GmP) Teil 2 Kleinbahnadvent 2013 Obercarsdorf<\/p>\n","protected":false},"author":1,"featured_media":0,"parent":1912,"menu_order":13,"comment_status":"closed","ping_status":"closed","template":"","meta":{"ngg_post_thumbnail":0,"footnotes":""},"categories":[],"tags":[],"class_list":["post-2940","page","type-page","status-publish","hentry"],"_links":{"self":[{"href":"https:\/\/www.weisseritztalbahn.de\/home\/wp-json\/wp\/v2\/pages\/2940","targetHints":{"allow":["GET"]}}],"collection":[{"href":"https:\/\/www.weisseritztalbahn.de\/home\/wp-json\/wp\/v2\/pages"}],"about":[{"href":"https:\/\/www.weisseritztalbahn.de\/home\/wp-json\/wp\/v2\/types\/page"}],"author":[{"embeddable":true,"href":"https:\/\/www.weisseritztalbahn.de\/home\/wp-json\/wp\/v2\/users\/1"}],"replies":[{"embeddable":true,"href":"https:\/\/www.weisseritztalbahn.de\/home\/wp-json\/wp\/v2\/comments?post=2940"}],"version-history":[{"count":5,"href":"https:\/\/www.weisseritztalbahn.de\/home\/wp-json\/wp\/v2\/pages\/2940\/revisions"}],"predecessor-version":[{"id":7617,"href":"https:\/\/www.weisseritztalbahn.de\/home\/wp-json\/wp\/v2\/pages\/2940\/revisions\/7617"}],"up":[{"embeddable":true,"href":"https:\/\/www.weisseritztalbahn.de\/home\/wp-json\/wp\/v2\/pages\/1912"}],"wp:attachment":[{"href":"https:\/\/www.weisseritztalbahn.de\/home\/wp-json\/wp\/v2\/media?parent=2940"}],"wp:term":[{"taxonomy":"category","embeddable":true,"href":"https:\/\/www.weisseritztalbahn.de\/home\/wp-json\/wp\/v2\/categories?post=2940"},{"taxonomy":"post_tag","embeddable":true,"href":"https:\/\/www.weisseritztalbahn.de\/home\/wp-json\/wp\/v2\/tags?post=2940"}],"curies":[{"name":"wp","href":"https:\/\/api.w.org\/{rel}","templated":true}]}}