{"id":2310,"date":"2012-04-08T22:43:04","date_gmt":"2012-04-08T21:43:04","guid":{"rendered":"http:\/\/ig.weisseritztalbahn.de\/?page_id=2310"},"modified":"2021-01-05T19:22:41","modified_gmt":"2021-01-05T18:22:41","slug":"guterwagen","status":"publish","type":"page","link":"https:\/\/www.weisseritztalbahn.de\/home\/wagenpark\/guterwagen\/","title":{"rendered":"G\u00fcterwagen"},"content":{"rendered":"<table style=\"width: 550px; height: 721px;\" border=\"0\">\n<tbody>\n<tr>\n<td width=\"140\">\n<p><div id=\"attachment_2593\" style=\"width: 220px\" class=\"wp-caption alignleft\"><a href=\"http:\/\/ig.weisseritztalbahn.de\/wp-content\/uploads\/2013\/01\/13-IMG_3670.jpg\" rel=\"lightbox\"><img loading=\"lazy\" decoding=\"async\" aria-describedby=\"caption-attachment-2593\" class=\" wp-image-2593  \" alt=\"GGw 97-14-70\" src=\"http:\/\/ig.weisseritztalbahn.de\/wp-content\/uploads\/2013\/01\/13-IMG_3670-300x200.jpg\" width=\"210\" height=\"140\" srcset=\"https:\/\/www.weisseritztalbahn.de\/wp-content\/uploads\/2013\/01\/13-IMG_3670-300x200.jpg 300w, https:\/\/www.weisseritztalbahn.de\/wp-content\/uploads\/2013\/01\/13-IMG_3670-150x100.jpg 150w, https:\/\/www.weisseritztalbahn.de\/wp-content\/uploads\/2013\/01\/13-IMG_3670.jpg 800w\" sizes=\"auto, (max-width: 210px) 100vw, 210px\" \/><\/a><p id=\"caption-attachment-2593\" class=\"wp-caption-text\">GGw 97-14-70<\/p><\/div><\/td>\n<td width=\"400\"><span class=\"Stil1\"><span style=\"text-decoration: underline;\"><span style=\"font-size: medium;\">G\u00fcterwagen geschlossen<br \/>\n<\/span><\/span><br \/>\n<\/span><\/p>\n<table style=\"width: 360px; height: 67px;\" border=\"0\">\n<tbody>\n<tr>\n<td scope=\"row\" width=\"100\">\n<div align=\"left\">Gattung<\/div>\n<\/td>\n<td width=\"250\">&nbsp;GGw<\/td>\n<\/tr>\n<tr>\n<td scope=\"row\">\n<div align=\"left\">Nummern<\/div>\n<\/td>\n<td>&nbsp;97-14-70<\/td>\n<\/tr>\n<tr>\n<td scope=\"row\">\n<div align=\"left\">Baujahre<\/div>\n<\/td>\n<td>&nbsp;1929 Werdau<\/td>\n<\/tr>\n<\/tbody>\n<\/table>\n<p>&nbsp;<\/td>\n<\/tr>\n<tr>\n<td>\n<p><div id=\"attachment_2594\" style=\"width: 220px\" class=\"wp-caption alignleft\"><a href=\"http:\/\/ig.weisseritztalbahn.de\/wp-content\/uploads\/2013\/01\/14-IMG_3672.jpg\" rel=\"lightbox\"><img loading=\"lazy\" decoding=\"async\" aria-describedby=\"caption-attachment-2594\" class=\" wp-image-2594   \" alt=\"GGw 97-13-30\" src=\"http:\/\/ig.weisseritztalbahn.de\/wp-content\/uploads\/2013\/01\/14-IMG_3672-300x200.jpg\" width=\"210\" height=\"140\" srcset=\"https:\/\/www.weisseritztalbahn.de\/wp-content\/uploads\/2013\/01\/14-IMG_3672-300x200.jpg 300w, https:\/\/www.weisseritztalbahn.de\/wp-content\/uploads\/2013\/01\/14-IMG_3672-150x100.jpg 150w, https:\/\/www.weisseritztalbahn.de\/wp-content\/uploads\/2013\/01\/14-IMG_3672.jpg 800w\" sizes=\"auto, (max-width: 210px) 100vw, 210px\" \/><\/a><p id=\"caption-attachment-2594\" class=\"wp-caption-text\">GGw 97-13-30<\/p><\/div><\/td>\n<td><span style=\"text-decoration: underline;\"><span class=\"Stil1\"><span style=\"font-size: medium;\">G\u00fcterwagen geschlossen mit B\u00fchne<\/span> <\/span><\/span><\/p>\n<table style=\"width: 360px; height: 67px;\" border=\"0\">\n<tbody>\n<tr>\n<td scope=\"row\" width=\"100\">\n<div align=\"left\">Gattung<\/div>\n<\/td>\n<td width=\"250\">&nbsp;GGwh<\/td>\n<\/tr>\n<tr>\n<td scope=\"row\">\n<div align=\"left\">Nummern<\/div>\n<\/td>\n<td>&nbsp;97-13-30<\/td>\n<\/tr>\n<tr>\n<td scope=\"row\">\n<div align=\"left\">Baujahre<\/div>\n<\/td>\n<td>&nbsp;1931 Bautzen<\/td>\n<\/tr>\n<\/tbody>\n<\/table>\n<p>&nbsp;<\/td>\n<\/tr>\n<tr>\n<td>\n<p><div id=\"attachment_2706\" style=\"width: 220px\" class=\"wp-caption alignleft\"><a href=\"http:\/\/ig.weisseritztalbahn.de\/wp-content\/uploads\/2013\/03\/08-IMG_1354.jpg\" rel=\"lightbox\"><img loading=\"lazy\" decoding=\"async\" aria-describedby=\"caption-attachment-2706\" class=\" wp-image-2706 \" alt=\"OOw 97-23-37\" src=\"http:\/\/ig.weisseritztalbahn.de\/wp-content\/uploads\/2013\/03\/08-IMG_1354-300x200.jpg\" width=\"210\" height=\"140\" srcset=\"https:\/\/www.weisseritztalbahn.de\/wp-content\/uploads\/2013\/03\/08-IMG_1354-300x200.jpg 300w, https:\/\/www.weisseritztalbahn.de\/wp-content\/uploads\/2013\/03\/08-IMG_1354-150x100.jpg 150w, https:\/\/www.weisseritztalbahn.de\/wp-content\/uploads\/2013\/03\/08-IMG_1354.jpg 600w\" sizes=\"auto, (max-width: 210px) 100vw, 210px\" \/><\/a><p id=\"caption-attachment-2706\" class=\"wp-caption-text\">OOw 97-23-37<\/p><\/div><\/td>\n<td><span style=\"text-decoration: underline;\"><span class=\"Stil1\" style=\"font-size: medium;\">G\u00fcterwagen offen<br \/>\n<\/span><\/span><\/p>\n<table style=\"width: 360px; height: 67px;\" border=\"0\">\n<tbody>\n<tr>\n<td scope=\"row\" width=\"100\">\n<div align=\"left\">Gattung<\/div>\n<\/td>\n<td width=\"250\">&nbsp;OOw<\/td>\n<\/tr>\n<tr>\n<td scope=\"row\">\n<div align=\"left\">Nummern<\/div>\n<\/td>\n<td>&nbsp;97-23-37<\/td>\n<\/tr>\n<tr>\n<td scope=\"row\">\n<div align=\"left\">Baujahre<\/div>\n<\/td>\n<td>&nbsp;1913 Werdau<\/td>\n<\/tr>\n<\/tbody>\n<\/table>\n<p>betriebsf\u00e4hig<\/p>\n<p>Eigent\u00fcmer: IGW<\/td>\n<\/tr>\n<tr>\n<td>\n<p><div id=\"attachment_2778\" style=\"width: 220px\" class=\"wp-caption alignleft\"><a href=\"http:\/\/ig.weisseritztalbahn.de\/wp-content\/uploads\/2013\/04\/97-25-51_HHw.jpg\" rel=\"lightbox\"><img loading=\"lazy\" decoding=\"async\" aria-describedby=\"caption-attachment-2778\" class=\" wp-image-2778 \" alt=\"97-25-51\" src=\"http:\/\/ig.weisseritztalbahn.de\/wp-content\/uploads\/2013\/04\/97-25-51_HHw-300x200.jpg\" width=\"210\" height=\"140\" srcset=\"https:\/\/www.weisseritztalbahn.de\/wp-content\/uploads\/2013\/04\/97-25-51_HHw-300x200.jpg 300w, https:\/\/www.weisseritztalbahn.de\/wp-content\/uploads\/2013\/04\/97-25-51_HHw-150x100.jpg 150w, https:\/\/www.weisseritztalbahn.de\/wp-content\/uploads\/2013\/04\/97-25-51_HHw.jpg 800w\" sizes=\"auto, (max-width: 210px) 100vw, 210px\" \/><\/a><p id=\"caption-attachment-2778\" class=\"wp-caption-text\">97-25-51<\/p><\/div><\/td>\n<td><span style=\"text-decoration: underline; font-size: medium;\"><span class=\"Stil1\">Drehschemelwagen<\/span><\/span><\/p>\n<table style=\"width: 360px; height: 67px;\" border=\"0\">\n<tbody>\n<tr>\n<td scope=\"row\" width=\"100\">\n<div align=\"left\">Gattung<\/div>\n<\/td>\n<td width=\"250\">&nbsp;HH<\/td>\n<\/tr>\n<tr>\n<td scope=\"row\">\n<div align=\"left\">Nummer<\/div>\n<\/td>\n<td>&nbsp;97-25-51<\/td>\n<\/tr>\n<tr>\n<td scope=\"row\">\n<div align=\"left\">Baujahr<\/div>\n<\/td>\n<td>&nbsp;1926 Zwickau<\/td>\n<\/tr>\n<\/tbody>\n<\/table>\n<p>&nbsp;<\/td>\n<\/tr>\n<tr>\n<td>\n<p><div id=\"attachment_2602\" style=\"width: 220px\" class=\"wp-caption alignleft\"><a href=\"http:\/\/ig.weisseritztalbahn.de\/wp-content\/uploads\/2013\/01\/22-_IGP1512.jpg\" rel=\"lightbox\"><img loading=\"lazy\" decoding=\"async\" aria-describedby=\"caption-attachment-2602\" class=\" wp-image-2602 \" alt=\"97-27-14\" src=\"http:\/\/ig.weisseritztalbahn.de\/wp-content\/uploads\/2013\/01\/22-_IGP1512-300x199.jpg\" width=\"210\" height=\"139\" srcset=\"https:\/\/www.weisseritztalbahn.de\/wp-content\/uploads\/2013\/01\/22-_IGP1512-300x199.jpg 300w, https:\/\/www.weisseritztalbahn.de\/wp-content\/uploads\/2013\/01\/22-_IGP1512-150x99.jpg 150w, https:\/\/www.weisseritztalbahn.de\/wp-content\/uploads\/2013\/01\/22-_IGP1512.jpg 800w\" sizes=\"auto, (max-width: 210px) 100vw, 210px\" \/><\/a><p id=\"caption-attachment-2602\" class=\"wp-caption-text\">97-27-14<\/p><\/div><\/td>\n<td><span style=\"text-decoration: underline; font-size: medium;\"><span class=\"Stil1\">Klappdeckelwagen<\/span><\/span><\/p>\n<table style=\"width: 360px; height: 67px;\" border=\"0\">\n<tbody>\n<tr>\n<td scope=\"row\" width=\"100\">\n<div align=\"left\">Gattung<\/div>\n<\/td>\n<td width=\"250\">&nbsp;KKw<\/td>\n<\/tr>\n<tr>\n<td scope=\"row\">\n<div align=\"left\">Nummer<\/div>\n<\/td>\n<td>&nbsp;97-27-14<\/td>\n<\/tr>\n<tr>\n<td scope=\"row\">\n<div align=\"left\">Baujahr<\/div>\n<\/td>\n<td>&nbsp;1930 Weimar<\/td>\n<\/tr>\n<\/tbody>\n<\/table>\n<p>&nbsp;<\/td>\n<\/tr>\n<tr>\n<td>\n<p><div id=\"attachment_2795\" style=\"width: 220px\" class=\"wp-caption alignleft\"><a href=\"http:\/\/ig.weisseritztalbahn.de\/wp-content\/uploads\/2013\/04\/IMG_1294.jpg\" rel=\"lightbox\"><img loading=\"lazy\" decoding=\"async\" aria-describedby=\"caption-attachment-2795\" class=\" wp-image-2795     \" title=\"im GmP September 2011\" alt=\"97-06-19 \" src=\"http:\/\/ig.weisseritztalbahn.de\/wp-content\/uploads\/2013\/04\/97-06-19-Rollwagen-300x156.jpg\" width=\"210\" height=\"109\" srcset=\"https:\/\/www.weisseritztalbahn.de\/wp-content\/uploads\/2013\/04\/97-06-19-Rollwagen-300x156.jpg 300w, https:\/\/www.weisseritztalbahn.de\/wp-content\/uploads\/2013\/04\/97-06-19-Rollwagen-150x78.jpg 150w, https:\/\/www.weisseritztalbahn.de\/wp-content\/uploads\/2013\/04\/97-06-19-Rollwagen.jpg 800w\" sizes=\"auto, (max-width: 210px) 100vw, 210px\" \/><\/a><p id=\"caption-attachment-2795\" class=\"wp-caption-text\">97-06-19<\/p><\/div><\/td>\n<td><span style=\"text-decoration: underline; font-size: medium;\"><span class=\"Stil1\">Rollwagen<\/span><\/span><\/p>\n<table style=\"width: 360px; height: 67px;\" border=\"0\">\n<tbody>\n<tr>\n<td scope=\"row\" width=\"100\">\n<div align=\"left\">Gattung<\/div>\n<\/td>\n<td width=\"250\">&nbsp;Rf4<\/td>\n<\/tr>\n<tr>\n<td scope=\"row\">\n<div align=\"left\">Nummer<\/div>\n<\/td>\n<td>&nbsp;97-06-19<\/td>\n<\/tr>\n<tr>\n<td scope=\"row\">\n<div align=\"left\">Baujahr<\/div>\n<\/td>\n<td><\/td>\n<\/tr>\n<\/tbody>\n<\/table>\n<p>&nbsp;<\/td>\n<\/tr>\n<\/tbody>\n<\/table>\n","protected":false},"excerpt":{"rendered":"<p>G\u00fcterwagen geschlossen Gattung &nbsp;GGw Nummern &nbsp;97-14-70 Baujahre &nbsp;1929 Werdau &nbsp; G\u00fcterwagen geschlossen mit B\u00fchne Gattung &nbsp;GGwh Nummern &nbsp;97-13-30 Baujahre &nbsp;1931 Bautzen &nbsp; G\u00fcterwagen offen Gattung &nbsp;OOw Nummern &nbsp;97-23-37 Baujahre &nbsp;1913 Werdau betriebsf\u00e4hig Eigent\u00fcmer: IGW Drehschemelwagen Gattung &nbsp;HH Nummer &nbsp;97-25-51 Baujahr &nbsp;1926 Zwickau &nbsp; Klappdeckelwagen Gattung &nbsp;KKw Nummer &nbsp;97-27-14 Baujahr &nbsp;1930 Weimar &nbsp; Rollwagen Gattung &nbsp;Rf4 [&hellip;]<\/p>\n","protected":false},"author":1,"featured_media":0,"parent":2259,"menu_order":7,"comment_status":"closed","ping_status":"closed","template":"","meta":{"ngg_post_thumbnail":0,"footnotes":""},"categories":[],"tags":[],"class_list":["post-2310","page","type-page","status-publish","hentry"],"_links":{"self":[{"href":"https:\/\/www.weisseritztalbahn.de\/home\/wp-json\/wp\/v2\/pages\/2310","targetHints":{"allow":["GET"]}}],"collection":[{"href":"https:\/\/www.weisseritztalbahn.de\/home\/wp-json\/wp\/v2\/pages"}],"about":[{"href":"https:\/\/www.weisseritztalbahn.de\/home\/wp-json\/wp\/v2\/types\/page"}],"author":[{"embeddable":true,"href":"https:\/\/www.weisseritztalbahn.de\/home\/wp-json\/wp\/v2\/users\/1"}],"replies":[{"embeddable":true,"href":"https:\/\/www.weisseritztalbahn.de\/home\/wp-json\/wp\/v2\/comments?post=2310"}],"version-history":[{"count":23,"href":"https:\/\/www.weisseritztalbahn.de\/home\/wp-json\/wp\/v2\/pages\/2310\/revisions"}],"predecessor-version":[{"id":6936,"href":"https:\/\/www.weisseritztalbahn.de\/home\/wp-json\/wp\/v2\/pages\/2310\/revisions\/6936"}],"up":[{"embeddable":true,"href":"https:\/\/www.weisseritztalbahn.de\/home\/wp-json\/wp\/v2\/pages\/2259"}],"wp:attachment":[{"href":"https:\/\/www.weisseritztalbahn.de\/home\/wp-json\/wp\/v2\/media?parent=2310"}],"wp:term":[{"taxonomy":"category","embeddable":true,"href":"https:\/\/www.weisseritztalbahn.de\/home\/wp-json\/wp\/v2\/categories?post=2310"},{"taxonomy":"post_tag","embeddable":true,"href":"https:\/\/www.weisseritztalbahn.de\/home\/wp-json\/wp\/v2\/tags?post=2310"}],"curies":[{"name":"wp","href":"https:\/\/api.w.org\/{rel}","templated":true}]}}